z) = -732*z - 5129. Determine x(-7).
-5
Let h(s) = -11*s**2 + 200*s - 66. Calculate h(19).
-237
Let q(r) = -530*r - 60430. What is q(-114)?
-10
Let n(u) = 12*u**2 - 25*u + 15. Give n(5).
190
Let r(v) = -67*v**2 + 670*v + 9. What is r(10)?
9
Let f(b) = 2*b**3 - 4*b**2 - 104. What is f(0)?
-104
Let y(i) = -i**3 - 83*i**2 - 385*i + 481. Calculate y(-78).
91
Let c(r) = 2*r**2 + 285*r - 7229. Calculate c(22).
9
Let w(x) = -x**2 - 14*x + 310. What is w(-26)?
-2
Let o(v) = -v**2 + 21*v + 173. Determine o(-6).
11
Let l(i) = 8*i**2 - 187*i + 571. Determine l(3).
82
Let l(d) = 30*d - 323. Give l(-4).
-443
Let l(h) = -39*h**2 - 141*h - 72. Give l(-3).
0
Let n(k) = -k**2 + 88*k - 1316. Calculate n(69).
-5
Let r(x) = -6*x - 97. Determine r(-6).
-61
Let r(z) = -2*z**3 + 27*z**2 - 6*z - 82. Determine r(13).
9
Let x(d) = -298*d + 4191. Calculate x(14).
19
Let z(i) = -79*i - 5861. Calculate z(-75).
64
Let i(j) = j**2 + 221*j + 878. What is i(-4)?
10
Let y(m) = -324*m + 83922. Determine y(259).
6
Let c(q) = -q**3 - 28*q**2 - 155*q - 200. Give c(-21).
-32
Let p(r) = r**3 + 26*r**2 - r + 28. Give p(-26).
54
Let s(w) = -w - 113. Calculate s(-38).
-75
Let k(j) = -1182*j + 33109. Calculate k(28).
13
Let w(x) = -84*x + 3449. Determine w(41).
5
Let s(i) = -19*i**2 + 104*i - 7. What is s(3)?
134
Let z(j) = 32*j**3 - j + 8. What is z(2)?
262
Let q(d) = -120*d - 5453. What is q(-45)?
-53
Let a(h) = -2*h**2 + 55*h - 38. Give a(26).
40
Let k(b) = 15*b + 149. What is k(-9)?
14
Let w(v) = 3*v**3 + 10*v**2 + 11*v - 2. Give w(-3).
-26
Let f(h) = 17*h - 535. Calculate f(29).
-42
Let w(d) = d**3 - 3*d**2 - 35*d + 17. Give w(8).
57
Let q(d) = 14*d**2 - 58*d + 315. Determine q(6).
471
Let u(l) = 89*l**2 - 1248*l + 39. Give u(14).
11
Let b(n) = -n**3 + 90*n**2 - 256*n - 264. Calculate b(87).
171
Let f(q) = -5*q + 11. Calculate f(-14).
81
Let r(m) = 28*m - 700. Determine r(26).
28
Let h(u) = u**3 + 16*u**2 - 4*u - 62. Calculate h(-16).
2
Let x(w) = 2*w**2 + 25*w - 12. Give x(-11).
-45
Let u(m) = 172*m + 6535. What is u(-38)?
-1
Let w(h) = -17*h + 175. What is w(17)?
-114
Let k(l) = -565*l + 585. Give k(1).
20
Let j(x) = 6*x**2 + 193*x - 835. Give j(-36).
-7
Let t(o) = -o**2 + 11*o + 1232. Determine t(41).
2
Let y(f) = -f**2 + 15*f - 42. Give y(18).
-96
Let k(v) = v**3 - 13*v**2 + 21*v - 150. Calculate k(12).
-42
Let f(m) = 34*m - 1379. Calculate f(41).
15
Let o(n) = -253*n + 1479. Calculate o(6).
-39
Let i(p) = 2*p**3 - 21*p**2 - 40*p + 29. Determine i(12).
-19
Let y(j) = -1843*j + 9206. Calculate y(5).
-9
Let g(l) = l - 32. Give g(-40).
-72
Let d(i) = 343*i + 6. Calculate d(0).
6
Let v(j) = -j**3 - 6*j**2 - 13*j + 8. What is v(-3)?
20
Let k(f) = 81*f - 3021. Give k(40).
219
Let x(c) = 3*c**3 + c**2 - 16*c - 25. Give x(-3).
-49
Let m(z) = 2*z**2 - 134*z - 54. Calculate m(67).
-54
Let y(d) = -108*d - 212. What is y(-2)?
4
Let u(j) = -23*j - 99. What is u(-9)?
108
Let w(m) = -3*m**2 - 165*m + 331. Determine w(-57).
-11
Let n(l) = 227*l - 12943. Calculate n(57).
-4
Let z(a) = -23*a**2 + 3751*a - 352. What is z(163)?
-26
Let m(d) = d**3 - 16*d**2 + 14*d - 20. Determine m(15).
-35
Let y(l) = l**2 + 171*l + 1614. What is y(-10)?
4
Let r(i) = -i - 47. What is r(2)?
-49
Let s(q) = 23*q + 805. Calculate s(-25).
230
Let v(s) = 12*s + 416. Determine v(-41).
-76
Let k(l) = 2*l**2 + 20*l - 83. Calculate k(-16).
109
Let a(d) = d**3 + 11*d**2 + 7*d. Calculate a(-5).
115
Let j(m) = -169*m - 11. Give j(0).
-11
Let z(p) = p**2 - 12*p - 356. Calculate z(-13).
-31
Let p(n) = 2*n**2 - 66*n - 52. Determine p(22).
-536
Let t(v) = 72*v**2 - 15*v - 18. Calculate t(-1).
69
Let b(g) = -75*g + 1043. What is b(14)?
-7
Let i(n) = 2*n**2 - 15*n + 8. Determine i(6).
-10
Let b(x) = -31*x - 339. Give b(-12).
33
Let c(o) = 6*o**2 - 505*o - 3727. Determine c(91).
4
Let u(a) = 2*a**2 + 16*a - 1. Calculate u(-10).
39
Let y(o) = o**2 + 47*o + 424. What is y(-15)?
-56
Let w(a) = -209*a + 1071. Determine w(10).
-1019
Let j(v) = -64*v - 3529. Give j(-55).
-9
Let t(o) = -65*o - 945. Give t(-17).
160
Let j(h) = -5*h**2 - 87*h - 26. Determine j(-17).
8
Let g(b) = b**2 + 899*b - 100995. Determine g(101).
5
Let u(w) = w**2 - 48*w - 20. Give u(48).
-20
Let d(f) = -6*f**2 + 53*f - 24. Calculate d(9).
-33
Let b(r) = 61*r + 411. Determine b(-6).
45
Let u(r) = 32*r**2 - 292*r - 18. Calculate u(9).
-54
Let t(x) = 3*x**3 - 45*x**2 + 115*x - 4. Calculate t(3).
17
Let x(f) = -2*f**2 - 200*f - 1907. What is x(-10)?
-107
Let j(y) = 250*y - 5215. What is j(20)?
-215
Let p(q) = -q**2 - 55*q - 414. Calculate p(-46).
0
Let d(u) = u**3 - 53*u**2 + 150*u - 73. Give d(50).
-73
Let z(b) = -8*b**2 - 20*b + 16. Determine z(-7).
-236
Let a(w) = 2*w**3 - 18*w**2 + 54*w - 335. What is a(8)?
-31
Let k(q) = -249*q - 10709. Give k(-43).
-2
Let v(m) = -63*m**3 - m**2 + 129*m + 129. What is v(-1)?
62
Let b(h) = 6*h**2 + 6*h - 8. What is b(-5)?
112
Let t(f) = 12*f + 891. Calculate t(6).
963
Let r(k) = -48*k + 2475. Determine r(52).
-21
Let s(f) = f**3 + f**2 - 8*f - 10. What is s(-6)?
-142
Let g(s) = s**3 + 23*s**2 - 3*s + 3. Give g(-23).
72
Let j(a) = 5*a**3 + 8*a**2 + 38. Determine j(-5).
-387
Let t(b) = b**3 - 3*b**2 - 2*b - 3. What is t(4)?
5
Let i(w) = -151*w - 8611. What is i(-57)?
-4
Let x(j) = 128*j**3 + 2*j**2 - 1. Determine x(-1).
-127
Let l(a) = -6*a**3 + 40*a**2 + 4*a + 84. Give l(7).
14
Let q(d) = -710*d + 7057. Determine q(10).
-43
Let y(o) = -o**3 + 89*o**2 - 1977*o - 132. Calculate y(45).
3
Let c(n) = n**3 + 86*n**2 + 694*n + 51. What is c(-77)?
-26
Let l(w) = 21*w + 52. Calculate l(5).
157
Let s(c) = -3*c**2 - 66*c - 323. What is s(-8)?
13
Let y(j) = 130*j - 333. What is y(3)?
57
Let k(y) = y**3 + 12*y**2 + 58. Calculate k(-11).
179
Let o(v) = 3*v**2 - 132*v - 208. What is o(38)?
-892
Let h(l) = l**3 - 6*l**2 - 8*l - 32. Calculate h(8).
32
Let l(n) = n**3 - 22*n**2 - 21*n + 274. Determine l(22).
-188
Let s(i) = -51*i - 160. Determine s(3).
-313
Let o(b) = -2*b**2 - 38*b - 67. Determine o(-17).
1
Let m(f) = -48*f + 272. What is m(5)?
32
Let i(f) = f**2 - 123*f - 11968. Give i(-64).
0
Let t(q) = -4*q**2 + 41*q + 90. Determine t(12).
6
Let r(g) = 132*g - 383. Calculate r(3).
13
Let m(k) = -171*k - 385. Determine m(-2).
-43
Let r(x) = -x**3 + 29*x**2 + 2*x - 62. Determine r(29).
-4
Let w(f) = -f**3 + f**2 - 3*f - 66. Give w(0).
-66
Let x(q) = -4*q**3 - 114*q**2 - 54*q + 115. Determine x(-28).
59
Let y(v) = 17*v + 38. What is y(5)?
123
Let h(s) = 4*s**2 + 242*s + 786. Give h(-57).
-12
Let a(o) = -17*o**3 + 2*o**2 + 17*o - 15. Calculate a(3).
-405
Let u(i) = -i**2 + 195*i - 9335. Determine u(108).
61
Let z(h) = 3*h - 51. Give z(9).
-24
Let h(o) = 2*o**2 - 16*o - 480. What is h(-12)?
0
Let r(t) = 5*t**3 - 4*t**2 + 14*t - 16. Determine r(5).
579
Let k(s) = 1168*s + 2325. Give k(-2).
-11
Let w(d) = -d**3 - 26*d**2 - 91*d - 1641. What is w(-25)?
9
Let d(w) = -4*w - 74. What is d(-20)?
6
Let z(v) = -41*v + 6037. What is z(147)?
10
Let c(l) = -2*l**3 - 117*l**2 - 69*l - 596. Determine c(-58).
42
Let h(t) = -3088*t - 18556. Give h(-6).
-28
Let g(r) = -68*r**2 + 12*r - 23. Calculate g(2).
-271
Let q(u) = u**3 + 11*u**2 - 20*u + 7. Determine q(-12).
103
Let t(z) = z**3 - 29*z**2 - 59*z + 2. Determine t(31).
95
Let y(d) = -8*d + 108. What is y(3)?
84
Let b(y) = -y**2 - 39*y + 674. Determine b(-52).
-2
Let w(g) = -g**2 + 4*g + 49. Give w(14).
-91
Let q(b) = -9*b**2 + b + 2. Calculate q(2).
-32
Let z(y) = -164*y**2 + 2946*y + 44. Determine z(18).
-64
Let o(v) = -34*v**2 - 612*v + 6. Determine o(-18).
6
Let h(w) = 19*w - 851. Determine h(44).
-15
Let x(o) = -3*o**2 - 61*o - 282. Determine x(-12).
18
Let c(o) = 10*o**3 - 741*o**2 + 77*o - 211. Give c(74).
11
Let v(o) = 3595*o + 17977. What is v(-5)?
2
Let a(g) = 4*g**2 - 101*g + 504. Determine a(7).
-7
Let f(b) = b**3 + 99*b**2 + 1455*b - 50. Give f(-18).
4
Let t(s) = -s**2 - 5*s - 21. Calculate t(6).
-87
Let a(m) = 19*m + 162. Give a(-11).
-47
Let p(k) = k**2 + 28*k - 354. Give p(-37).
-21
Let k(p) = p**3 - 48*p**2 - 95*p - 218. Calculate k(50).
32
Let p(f) = 2913*f + 5825. Give p(-2).
-1
Let h(k) = -13*k**2 + 33*k + 14. Calculate h(7).
-392
Let x(a) = -7*a**3 + 218*a**2 + 192*a + 3. What is x(32)?
3
Let n(m) = 2*m**2 - 132*m + 1203. What is n(11)?
-7
Let p(r) = -2*r**2 + 37*r - 32. What is p(19)?
-51
Let